{"id":8241,"date":"2023-04-27T19:21:54","date_gmt":"2023-04-27T17:21:54","guid":{"rendered":"http:\/\/www.clubcampomar.com\/?page_id=8241"},"modified":"2023-04-27T19:22:22","modified_gmt":"2023-04-27T17:22:22","slug":"aviso-legal-2","status":"publish","type":"page","link":"https:\/\/www.clubcampomar.com\/index.php\/gl\/aviso-legal-2\/","title":{"rendered":"Aviso Legal"},"content":{"rendered":"<p>[et_pb_section fb_built=\u00bb1&#8243; admin_label=\u00bbsection\u00bb _builder_version=\u00bb4.16&#8243; global_colors_info=\u00bb{}\u00bb][et_pb_row admin_label=\u00bbrow\u00bb _builder_version=\u00bb4.16&#8243; background_size=\u00bbinitial\u00bb background_position=\u00bbtop_left\u00bb background_repeat=\u00bbrepeat\u00bb global_colors_info=\u00bb{}\u00bb][et_pb_column type=\u00bb4_4&#8243; _builder_version=\u00bb4.16&#8243; custom_padding=\u00bb|||\u00bb global_colors_info=\u00bb{}\u00bb custom_padding__hover=\u00bb|||\u00bb][et_pb_text _builder_version=\u00bb4.20.4&#8243; module_alignment=\u00bbleft\u00bb border_style=\u00bbsolid\u00bb global_colors_info=\u00bb{}\u00bb]<\/p>\n<div>\n<p>1. CLUB DE GOLF CAMPOMAR, en cumprimiento da Ley 34\/2002 de 11 de Xulio, de servizos da sociedade da informaci\u00f3n e de comercio electr\u00f3nico, informalle que:<\/p>\n<blockquote>\n<ul>\n<li>Denominaci\u00f3n social : CLUB DE GOLF CAMPOMAR<\/li>\n<li>C.I.F. : G15071087.<\/li>\n<li>Domicilio social : LG. VILACORNELLE S\/N 15541 O VAL NARON .<\/li>\n<li>Para comunicarse con nos po\u00f1emos a s\u00faa disposici\u00f3n diferentes medios de contacto que atopr\u00e1 na secci\u00f3n \u201cContacto\u201d.<\/li>\n<\/ul>\n<\/blockquote>\n<p>2. O sitio web www.clubcampomar.com ten por obxeto facilitar \u00f3 p\u00fablico, en xeral, do co\u00f1ecemento das actividades que este club realiza e dos servzos que presta.<\/p>\n<p>LOPD<\/p>\n<p>Todos os datos personales que sexan facilitados por usuarios da p\u00e1xina web www.golfcampomar.es ser\u00e1n inclu\u00eddos en funci\u00f3n da naturaleza da petici\u00f3n de informaci\u00f3n nod ficheiros Cientes y Proveedores, Curr\u00edculum Vitae, que figuran inscritos a nome de CLUB DE GOLF CAMPOMAR ante a Agencia Espa\u00f1ola de Protecci\u00f3n de Datos.<\/p>\n<p>Dacordo con o establecido na Ley Org\u00e1nica 15\/1999, de 13 de Diciembre, de Protecci\u00f3n de Datos de Car\u00e1cter Personal, o usuario otorga o consentimiento expreso, libre e de forma inequ\u00edvoca para que os seus datos de car\u00e1cter persoal sexan inclu\u00eddos no correspondiente ficheiro automatizado que corresponda seg\u00fan a natureza da petici\u00f3n, coa finalidade de ser empregados para os fines propios da xesti\u00f3n de Clientes, Proveedores, Curriculum vitae.<\/p>\n<p>Os presentes ficheros son titularidade do CLUB DE GOLF CAMPOMAR con domicilio en LG. VILACORNELLE S\/N 15541 O VAL NARON . Correo electr\u00f3nico: <span id=\"cloak41398\"><a href=\"mailto:gerenciacampomar@gmail.com\">gerenciacampomar@gmail.com<\/a><\/span><\/p>\n<p>En cualquer momento o usuario podr\u00e1 exercitar os seus dereitos de acceso, rectificaci\u00f3n, oposici\u00f3n e cancelaci\u00f3n dos seus datos de car\u00e1cter persoal, remitindo un correo electr\u00f3nico \u00e1 direcci\u00f3n <span id=\"cloak51504\" style=\"color: #ff0000;\"><a href=\"mailto:gerenciacampomar@gmail.com\">gerenciacampomar@gmail.com<\/a><\/span>, indicando por escrito a s\u00faa petici\u00f3n e adxuntando copia do seu DNI, ou ben por correo postal \u00e1 direcci\u00f3n antes mencionada.<\/p>\n<\/div>\n<p>[\/et_pb_text][\/et_pb_column][\/et_pb_row][\/et_pb_section]<\/p>\n","protected":false},"excerpt":{"rendered":"<p>1. CLUB DE GOLF CAMPOMAR, en cumprimiento da Ley 34\/2002 de 11 de Xulio, de servizos da sociedade da informaci\u00f3n e de comercio electr\u00f3nico, informalle que: Denominaci\u00f3n social : CLUB DE GOLF CAMPOMAR C.I.F. : G15071087. Domicilio social : LG. VILACORNELLE S\/N 15541 O VAL NARON . Para comunicarse con nos po\u00f1emos a s\u00faa disposici\u00f3n [&hellip;]<\/p>\n","protected":false},"author":1,"featured_media":0,"parent":0,"menu_order":0,"comment_status":"closed","ping_status":"closed","template":"","meta":{"_et_pb_use_builder":"on","_et_pb_old_content":"","_et_gb_content_width":"","inline_featured_image":false,"footnotes":""},"class_list":["post-8241","page","type-page","status-publish","hentry"],"yoast_head":"<!-- This site is optimized with the Yoast SEO plugin v27.4 - https:\/\/yoast.com\/product\/yoast-seo-wordpress\/ -->\n<title>Aviso Legal - Club de Golf Campomar<\/title>\n<meta name=\"robots\" content=\"index, follow, max-snippet:-1, max-image-preview:large, max-video-preview:-1\" \/>\n<link rel=\"canonical\" href=\"https:\/\/www.clubcampomar.com\/index.php\/gl\/aviso-legal-2\/\" \/>\n<meta property=\"og:locale\" content=\"es_ES\" \/>\n<meta property=\"og:type\" content=\"article\" \/>\n<meta property=\"og:title\" content=\"Aviso Legal - Club de Golf Campomar\" \/>\n<meta property=\"og:description\" content=\"1. CLUB DE GOLF CAMPOMAR, en cumprimiento da Ley 34\/2002 de 11 de Xulio, de servizos da sociedade da informaci\u00f3n e de comercio electr\u00f3nico, informalle que: Denominaci\u00f3n social : CLUB DE GOLF CAMPOMAR C.I.F. : G15071087. Domicilio social : LG. VILACORNELLE S\/N 15541 O VAL NARON . Para comunicarse con nos po\u00f1emos a s\u00faa disposici\u00f3n [&hellip;]\" \/>\n<meta property=\"og:url\" content=\"https:\/\/www.clubcampomar.com\/index.php\/gl\/aviso-legal-2\/\" \/>\n<meta property=\"og:site_name\" content=\"Club de Golf Campomar\" \/>\n<meta property=\"article:publisher\" content=\"https:\/\/www.facebook.com\/pages\/Club-de-Golf-Campomar\/567055693465437\" \/>\n<meta property=\"article:modified_time\" content=\"2023-04-27T17:22:22+00:00\" \/>\n<meta name=\"twitter:card\" content=\"summary_large_image\" \/>\n<meta name=\"twitter:label1\" content=\"Tiempo de lectura\" \/>\n\t<meta name=\"twitter:data1\" content=\"2 minutos\" \/>\n<script type=\"application\/ld+json\" class=\"yoast-schema-graph\">{\"@context\":\"https:\\\/\\\/schema.org\",\"@graph\":[{\"@type\":\"WebPage\",\"@id\":\"https:\\\/\\\/www.clubcampomar.com\\\/index.php\\\/gl\\\/aviso-legal-2\\\/\",\"url\":\"https:\\\/\\\/www.clubcampomar.com\\\/index.php\\\/gl\\\/aviso-legal-2\\\/\",\"name\":\"Aviso Legal - Club de Golf Campomar\",\"isPartOf\":{\"@id\":\"https:\\\/\\\/www.clubcampomar.com\\\/#website\"},\"datePublished\":\"2023-04-27T17:21:54+00:00\",\"dateModified\":\"2023-04-27T17:22:22+00:00\",\"breadcrumb\":{\"@id\":\"https:\\\/\\\/www.clubcampomar.com\\\/index.php\\\/gl\\\/aviso-legal-2\\\/#breadcrumb\"},\"inLanguage\":\"es\",\"potentialAction\":[{\"@type\":\"ReadAction\",\"target\":[\"https:\\\/\\\/www.clubcampomar.com\\\/index.php\\\/gl\\\/aviso-legal-2\\\/\"]}]},{\"@type\":\"BreadcrumbList\",\"@id\":\"https:\\\/\\\/www.clubcampomar.com\\\/index.php\\\/gl\\\/aviso-legal-2\\\/#breadcrumb\",\"itemListElement\":[{\"@type\":\"ListItem\",\"position\":1,\"name\":\"Portada\",\"item\":\"https:\\\/\\\/www.clubcampomar.com\\\/\"},{\"@type\":\"ListItem\",\"position\":2,\"name\":\"Aviso Legal\"}]},{\"@type\":\"WebSite\",\"@id\":\"https:\\\/\\\/www.clubcampomar.com\\\/#website\",\"url\":\"https:\\\/\\\/www.clubcampomar.com\\\/\",\"name\":\"Club de Golf Campomar\",\"description\":\"El Campo de golf se encuentra en la provincia de A Coru\u00f1a, municipio de Nar\u00f3n,parroquia de O Val, a tan solo 5Km del centro de Ferrol\",\"publisher\":{\"@id\":\"https:\\\/\\\/www.clubcampomar.com\\\/#organization\"},\"alternateName\":\"Campomar Golf\",\"potentialAction\":[{\"@type\":\"SearchAction\",\"target\":{\"@type\":\"EntryPoint\",\"urlTemplate\":\"https:\\\/\\\/www.clubcampomar.com\\\/?s={search_term_string}\"},\"query-input\":{\"@type\":\"PropertyValueSpecification\",\"valueRequired\":true,\"valueName\":\"search_term_string\"}}],\"inLanguage\":\"es\"},{\"@type\":\"Organization\",\"@id\":\"https:\\\/\\\/www.clubcampomar.com\\\/#organization\",\"name\":\"Club de Golf Campomar\",\"url\":\"https:\\\/\\\/www.clubcampomar.com\\\/\",\"logo\":{\"@type\":\"ImageObject\",\"inLanguage\":\"es\",\"@id\":\"https:\\\/\\\/www.clubcampomar.com\\\/#\\\/schema\\\/logo\\\/image\\\/\",\"url\":\"https:\\\/\\\/www.clubcampomar.com\\\/wp-content\\\/uploads\\\/2017\\\/08\\\/Logo_campomargolf.svg\",\"contentUrl\":\"https:\\\/\\\/www.clubcampomar.com\\\/wp-content\\\/uploads\\\/2017\\\/08\\\/Logo_campomargolf.svg\",\"width\":1,\"height\":1,\"caption\":\"Club de Golf Campomar\"},\"image\":{\"@id\":\"https:\\\/\\\/www.clubcampomar.com\\\/#\\\/schema\\\/logo\\\/image\\\/\"},\"sameAs\":[\"https:\\\/\\\/www.facebook.com\\\/pages\\\/Club-de-Golf-Campomar\\\/567055693465437\",\"https:\\\/\\\/www.instagram.com\\\/golfcampomar\\\/\"]}]}<\/script>\n<!-- \/ Yoast SEO plugin. -->","yoast_head_json":{"title":"Aviso Legal - Club de Golf Campomar","robots":{"index":"index","follow":"follow","max-snippet":"max-snippet:-1","max-image-preview":"max-image-preview:large","max-video-preview":"max-video-preview:-1"},"canonical":"https:\/\/www.clubcampomar.com\/index.php\/gl\/aviso-legal-2\/","og_locale":"es_ES","og_type":"article","og_title":"Aviso Legal - Club de Golf Campomar","og_description":"1. CLUB DE GOLF CAMPOMAR, en cumprimiento da Ley 34\/2002 de 11 de Xulio, de servizos da sociedade da informaci\u00f3n e de comercio electr\u00f3nico, informalle que: Denominaci\u00f3n social : CLUB DE GOLF CAMPOMAR C.I.F. : G15071087. Domicilio social : LG. VILACORNELLE S\/N 15541 O VAL NARON . Para comunicarse con nos po\u00f1emos a s\u00faa disposici\u00f3n [&hellip;]","og_url":"https:\/\/www.clubcampomar.com\/index.php\/gl\/aviso-legal-2\/","og_site_name":"Club de Golf Campomar","article_publisher":"https:\/\/www.facebook.com\/pages\/Club-de-Golf-Campomar\/567055693465437","article_modified_time":"2023-04-27T17:22:22+00:00","twitter_card":"summary_large_image","twitter_misc":{"Tiempo de lectura":"2 minutos"},"schema":{"@context":"https:\/\/schema.org","@graph":[{"@type":"WebPage","@id":"https:\/\/www.clubcampomar.com\/index.php\/gl\/aviso-legal-2\/","url":"https:\/\/www.clubcampomar.com\/index.php\/gl\/aviso-legal-2\/","name":"Aviso Legal - Club de Golf Campomar","isPartOf":{"@id":"https:\/\/www.clubcampomar.com\/#website"},"datePublished":"2023-04-27T17:21:54+00:00","dateModified":"2023-04-27T17:22:22+00:00","breadcrumb":{"@id":"https:\/\/www.clubcampomar.com\/index.php\/gl\/aviso-legal-2\/#breadcrumb"},"inLanguage":"es","potentialAction":[{"@type":"ReadAction","target":["https:\/\/www.clubcampomar.com\/index.php\/gl\/aviso-legal-2\/"]}]},{"@type":"BreadcrumbList","@id":"https:\/\/www.clubcampomar.com\/index.php\/gl\/aviso-legal-2\/#breadcrumb","itemListElement":[{"@type":"ListItem","position":1,"name":"Portada","item":"https:\/\/www.clubcampomar.com\/"},{"@type":"ListItem","position":2,"name":"Aviso Legal"}]},{"@type":"WebSite","@id":"https:\/\/www.clubcampomar.com\/#website","url":"https:\/\/www.clubcampomar.com\/","name":"Club de Golf Campomar","description":"El Campo de golf se encuentra en la provincia de A Coru\u00f1a, municipio de Nar\u00f3n,parroquia de O Val, a tan solo 5Km del centro de Ferrol","publisher":{"@id":"https:\/\/www.clubcampomar.com\/#organization"},"alternateName":"Campomar Golf","potentialAction":[{"@type":"SearchAction","target":{"@type":"EntryPoint","urlTemplate":"https:\/\/www.clubcampomar.com\/?s={search_term_string}"},"query-input":{"@type":"PropertyValueSpecification","valueRequired":true,"valueName":"search_term_string"}}],"inLanguage":"es"},{"@type":"Organization","@id":"https:\/\/www.clubcampomar.com\/#organization","name":"Club de Golf Campomar","url":"https:\/\/www.clubcampomar.com\/","logo":{"@type":"ImageObject","inLanguage":"es","@id":"https:\/\/www.clubcampomar.com\/#\/schema\/logo\/image\/","url":"https:\/\/www.clubcampomar.com\/wp-content\/uploads\/2017\/08\/Logo_campomargolf.svg","contentUrl":"https:\/\/www.clubcampomar.com\/wp-content\/uploads\/2017\/08\/Logo_campomargolf.svg","width":1,"height":1,"caption":"Club de Golf Campomar"},"image":{"@id":"https:\/\/www.clubcampomar.com\/#\/schema\/logo\/image\/"},"sameAs":["https:\/\/www.facebook.com\/pages\/Club-de-Golf-Campomar\/567055693465437","https:\/\/www.instagram.com\/golfcampomar\/"]}]}},"_links":{"self":[{"href":"https:\/\/www.clubcampomar.com\/index.php\/wp-json\/wp\/v2\/pages\/8241","targetHints":{"allow":["GET"]}}],"collection":[{"href":"https:\/\/www.clubcampomar.com\/index.php\/wp-json\/wp\/v2\/pages"}],"about":[{"href":"https:\/\/www.clubcampomar.com\/index.php\/wp-json\/wp\/v2\/types\/page"}],"author":[{"embeddable":true,"href":"https:\/\/www.clubcampomar.com\/index.php\/wp-json\/wp\/v2\/users\/1"}],"replies":[{"embeddable":true,"href":"https:\/\/www.clubcampomar.com\/index.php\/wp-json\/wp\/v2\/comments?post=8241"}],"version-history":[{"count":0,"href":"https:\/\/www.clubcampomar.com\/index.php\/wp-json\/wp\/v2\/pages\/8241\/revisions"}],"wp:attachment":[{"href":"https:\/\/www.clubcampomar.com\/index.php\/wp-json\/wp\/v2\/media?parent=8241"}],"curies":[{"name":"wp","href":"https:\/\/api.w.org\/{rel}","templated":true}]}}