{"id":8300,"date":"2023-04-28T08:09:41","date_gmt":"2023-04-28T06:09:41","guid":{"rendered":"http:\/\/www.clubcampomar.com\/?page_id=8300"},"modified":"2023-04-28T08:09:41","modified_gmt":"2023-04-28T06:09:41","slug":"mas-informacion-las-cookies-2","status":"publish","type":"page","link":"https:\/\/www.clubcampomar.com\/index.php\/gl\/mas-informacion-las-cookies-2\/","title":{"rendered":"Mais informaci\u00f3n sobre as cookies"},"content":{"rendered":"<h2>\u00bfQu\u00e9 \u00e9 unha cookie?<\/h2>\n<p>Unha cookie \u00e9 un ficheiro de texto inofensivo que se almacena no seu navegador cando visita case calquera p\u00e1xina web. A utilidade da cookie \u00e9 que a web sexa capaz de lembrar a s\u00faa visita cando volva navegar por esa p\u00e1xina. A\u00ednda que moita xente non o sabe as cookies levan utilizando desde hai 20 anos, cando apareceron os primeiros navegadores para a World Wide Web.<\/p>\n<h2>\u00bfQu\u00e9 NON \u00c9 unha cookie?<\/h2>\n<p>Non \u00e9 un virus, nin un troyano, nin un verme, nin spam, nin spyware, nin abre xanelas pop-up.<\/p>\n<h2>\u00bfQu\u00e9 informaci\u00f3n almacena unha <em>cookie<\/em>?<\/h2>\n<p>As cookies non adoitan almacenar informaci\u00f3n sensible sobre vostede, como tarxetas de cr\u00e9dito ou datos bancarios, fotograf\u00edas, o seu DNI ou informaci\u00f3n persoal etc. Os datos que gardan son de car\u00e1cter t\u00e9cnico, preferencias persoais, personalizaci\u00f3n de contidos etc.<\/p>\n<p>O servidor web non lle asocia a vostede como persoa se non \u00e1 s\u00faa navegador web. De feito, se vostede navega habitualmente con Internet Explorer e proba a navegar pola mesma web con Firefox ou Chrome ver\u00e1 que a web non se d\u00e1 conta que \u00e9 vostede a mesma persoa porque en realidade est\u00e1 a asociar ao navegador, non \u00e1 persoa.<\/p>\n<p>&nbsp;<\/p>\n<h2>\u00bfQu\u00e9 tipo de <em>cookies<\/em> existen?<\/h2>\n<ul>\n<li>Cookies t\u00e9cnicas: Son as m\u00e1is elementais e permiten, entre outras cousas, saber cando est\u00e1 a navegar un humano ou unha aplicaci\u00f3n automatizada, cando navega un usuario an\u00f3nimo e un rexistrado, tarefas b\u00e1sicas para o funcionamento de calquera web din\u00e1mica.<\/li>\n<li>Cookies de an\u00e1lise: Recollen informaci\u00f3n sobre o tipo de navegaci\u00f3n que est\u00e1 a realizar, as secci\u00f3ns que m\u00e1is utiliza, produtos consultados, franxa horaria de uso, idioma etc.<\/li>\n<li>Cookies publicitarias: Mostran publicidade en funci\u00f3n da s\u00faa navegaci\u00f3n, o seu pa\u00eds de procedencia, idioma etc.<\/li>\n<\/ul>\n<h2>\u00bfQu\u00e9 son as <em>cookies<\/em> propias y as de terceiros?<\/h2>\n<p>As cookies propias son as xeradas pola p\u00e1xina que est\u00e1 a visitar e as de terceiros son as xeradas por servizos ou provedores externos como Facebook, Twitter, Google etc.<\/p>\n<h2>\u00bfQu\u00e9 ocurre si desactivo as <em>cookies<\/em>?<\/h2>\n<p>Para que entenda o alcance que pode ter desactivar as cookies mostr\u00e1moslle uns exemplos:<\/p>\n<ul>\n<li>Non poder\u00e1 compartir contidos desa web en Facebook, Twitter ou calquera outra rede social. O sitio web non poder\u00e1 adaptar os contidos \u00e1s s\u00faas preferencias persoais, como adoita ocorrer nas tendas en li\u00f1a.<\/li>\n<li>Non poder\u00e1 acceder \u00e1 \u00e1rea persoal desa web, por exemplo A mi\u00f1a conta, ou O meu perfil ou Os meus pedidos.<\/li>\n<li>Tendas en li\u00f1a: Seralle imposible realizar compras en li\u00f1a, ter\u00e1n que ser telef\u00f3nicas ou visitando a tenda f\u00edsica se \u00e9 que disp\u00f3n dela.<\/li>\n<li>Non ser\u00e1 posible personalizar as s\u00faas preferencias xeogr\u00e1ficas como franxa horaria, divisa ou idioma.<\/li>\n<li>O sitio web non poder\u00e1 realizar anal\u00edticas web sobre visitantes e tr\u00e1fico na web, o que dificultar\u00e1 que a web sexa competitiva.<\/li>\n<li>Non poder\u00e1 escribir no blog, non poder\u00e1 subir fotos, publicar comentarios, valorar ou puntuar contidos. A web tampouco poder\u00e1 saber se vostede \u00e9 un humano ou unha aplicaci\u00f3n automatizada que publica spam.<\/li>\n<li>Todas as redes sociais usan cookies, se as desactiva non poder\u00e1 utilizar ningunha rede social<\/li>\n<\/ul>\n<h2>\n\u00bfPodense eliminar as <em>cookies<\/em>?<\/h2>\n<p>Si. Non s\u00f3 eliminar, tam\u00e9n bloquear, de forma xeral ou particular para un dominio espec\u00edfico.<\/p>\n<p>Para eliminar as cookies dun sitio web debe ir \u00e1 configuraci\u00f3n do seu navegador e al\u00ed poder\u00e1 buscar as asociadas ao dominio en cuesti\u00f3n e proceder \u00e1 s\u00faa eliminaci\u00f3n.<\/p>\n<h2 id=\"navegadores\">\nConfiguraci\u00f3n de <em>cookies<\/em> para os navegadores mais polulares<\/h2>\n<p>A continuaci\u00f3n indic\u00e1moslle como acceder a unha cookie determinada do navegador Chrome. Nota: estes pasos poden variar en funci\u00f3n da versi\u00f3n do navegador:<\/p>\n<p>Vaia a Configuraci\u00f3n ou Preferencias mediante o men\u00fa Arquivo ou ben picando a icona de personalizaci\u00f3n que aparece arriba \u00e1 dereita.<\/p>\n<p>Ver\u00e1 diferentes secci\u00f3ns, pique a opci\u00f3n Mostrar opci\u00f3ns avanzadas.<\/p>\n<p>Vaia a Privacidade, Configuraci\u00f3n de contido.<\/p>\n<p>Seleccione Todas as cookies e os datos de sitios.<\/p>\n<p>Aparecer\u00e1 unha listaxe con todas as cookies ordenadas por dominio. Para que lle sexa m\u00e1is f\u00e1cil atopar as cookies dun determinado dominio introduza parcial ou totalmente a direcci\u00f3n no campo Buscar cookies.<\/p>\n<p>Tras realizar leste filtro aparecer\u00e1n en pantalla unha ou varias li\u00f1as coas cookies da web solicitada.<\/p>\n<p>Agora s\u00f3 ten que seleccionala e pulsar a X para proceder \u00e1 s\u00faa eliminaci\u00f3n.<\/p>\n<p>&nbsp;<\/p>\n<p>Para acceder \u00e1 configuraci\u00f3n de cookies da navegador Internet Explorer siga estes pasos (poden variar en funci\u00f3n da versi\u00f3n do navegador):<\/p>\n<p>Vaia a Ferramentas, Opci\u00f3ns da internet Faga click en Privacidade.<\/p>\n<p>Mova o deslizador ata axustar o nivel de privacidade que desexe.<\/p>\n<p>Para acceder \u00e1 configuraci\u00f3n de cookies do navegador Firefox siga estes pasos (poden variar en funci\u00f3n da versi\u00f3n do navegador):<\/p>\n<p>Vaia a Opci\u00f3ns ou Preferencias segundo o seu sistema operativo.<\/p>\n<p>Faga click en Privacidade.<\/p>\n<p>En Historial elixa Usar unha configuraci\u00f3n personalizada para o historial.<\/p>\n<p>Agora ver\u00e1 a opci\u00f3n Aceptar cookies, pode activala ou desactivala segundo as s\u00faas preferencias.<\/p>\n<p>&nbsp;<\/p>\n<p>Para acceder \u00e1 configuraci\u00f3n de cookies do navegador Safari para OSX siga estes pasos (poden variar en funci\u00f3n da versi\u00f3n do navegador):<\/p>\n<p>Vaia a Preferencias, logo Privacidade.<\/p>\n<p>Neste lugar ver\u00e1 a opci\u00f3n Bloquear cookies para que axuste o tipo de bloqueo que desexa realizar.<\/p>\n<p>Para acceder \u00e1 configuraci\u00f3n de cookies do navegador Safari para iOS siga estes pasos (poden variar en funci\u00f3n da versi\u00f3n do navegador):<\/p>\n<p>Vaia a Axustes, logo Safari.<\/p>\n<p>Vaia a Privacidade e Seguridade, ver\u00e1 a opci\u00f3n Bloquear cookies para que axuste o tipo de bloqueo que desexa realizar.<\/p>\n<p>&nbsp;<\/p>\n<p>Para acceder \u00e1 configuraci\u00f3n de cookies do navegador para dispositivos Android siga estes pasos (poden variar en funci\u00f3n da versi\u00f3n do navegador):<\/p>\n<p>Execute o navegador e pulse a tecla Men\u00fa, logo Axustes.<\/p>\n<p>Vaia a Seguridade e Privacidade, ver\u00e1 a opci\u00f3n Aceptar cookies para que active ou desactive a casa.<\/p>\n<p>Para acceder \u00e1 configuraci\u00f3n de cookies do navegador para dispositivos Windows Phone siga estes pasos (poden variar en funci\u00f3n da versi\u00f3n do navegador):<\/p>\n<p>Abra Internet Explorer, logo M\u00e1is, logo Configuraci\u00f3n<\/p>\n<p>Agora pode activar ou desactivar a casa Permitir cookies.<\/p>\n<p>&nbsp;<\/p>\n","protected":false},"excerpt":{"rendered":"<p>\u00bfQu\u00e9 \u00e9 unha cookie? Unha cookie \u00e9 un ficheiro de texto inofensivo que se almacena no seu navegador cando visita case calquera p\u00e1xina web. A utilidade da cookie \u00e9 que a web sexa capaz de lembrar a s\u00faa visita cando volva navegar por esa p\u00e1xina. A\u00ednda que moita xente non o sabe as cookies levan [&hellip;]<\/p>\n","protected":false},"author":1,"featured_media":0,"parent":0,"menu_order":0,"comment_status":"closed","ping_status":"closed","template":"","meta":{"_et_pb_use_builder":"","_et_pb_old_content":"","_et_gb_content_width":"","inline_featured_image":false,"footnotes":""},"class_list":["post-8300","page","type-page","status-publish","hentry"],"yoast_head":"<!-- This site is optimized with the Yoast SEO plugin v27.4 - https:\/\/yoast.com\/product\/yoast-seo-wordpress\/ -->\n<title>Mais informaci\u00f3n sobre as cookies - Club de Golf Campomar<\/title>\n<meta name=\"robots\" content=\"index, follow, max-snippet:-1, max-image-preview:large, max-video-preview:-1\" \/>\n<link rel=\"canonical\" href=\"https:\/\/www.clubcampomar.com\/index.php\/gl\/mas-informacion-las-cookies-2\/\" \/>\n<meta property=\"og:locale\" content=\"es_ES\" \/>\n<meta property=\"og:type\" content=\"article\" \/>\n<meta property=\"og:title\" content=\"Mais informaci\u00f3n sobre as cookies - Club de Golf Campomar\" \/>\n<meta property=\"og:description\" content=\"\u00bfQu\u00e9 \u00e9 unha cookie? Unha cookie \u00e9 un ficheiro de texto inofensivo que se almacena no seu navegador cando visita case calquera p\u00e1xina web. A utilidade da cookie \u00e9 que a web sexa capaz de lembrar a s\u00faa visita cando volva navegar por esa p\u00e1xina. A\u00ednda que moita xente non o sabe as cookies levan [&hellip;]\" \/>\n<meta property=\"og:url\" content=\"https:\/\/www.clubcampomar.com\/index.php\/gl\/mas-informacion-las-cookies-2\/\" \/>\n<meta property=\"og:site_name\" content=\"Club de Golf Campomar\" \/>\n<meta property=\"article:publisher\" content=\"https:\/\/www.facebook.com\/pages\/Club-de-Golf-Campomar\/567055693465437\" \/>\n<meta name=\"twitter:card\" content=\"summary_large_image\" \/>\n<meta name=\"twitter:label1\" content=\"Tiempo de lectura\" \/>\n\t<meta name=\"twitter:data1\" content=\"6 minutos\" \/>\n<script type=\"application\/ld+json\" class=\"yoast-schema-graph\">{\"@context\":\"https:\\\/\\\/schema.org\",\"@graph\":[{\"@type\":\"WebPage\",\"@id\":\"https:\\\/\\\/www.clubcampomar.com\\\/index.php\\\/gl\\\/mas-informacion-las-cookies-2\\\/\",\"url\":\"https:\\\/\\\/www.clubcampomar.com\\\/index.php\\\/gl\\\/mas-informacion-las-cookies-2\\\/\",\"name\":\"Mais informaci\u00f3n sobre as cookies - Club de Golf Campomar\",\"isPartOf\":{\"@id\":\"https:\\\/\\\/www.clubcampomar.com\\\/#website\"},\"datePublished\":\"2023-04-28T06:09:41+00:00\",\"breadcrumb\":{\"@id\":\"https:\\\/\\\/www.clubcampomar.com\\\/index.php\\\/gl\\\/mas-informacion-las-cookies-2\\\/#breadcrumb\"},\"inLanguage\":\"es\",\"potentialAction\":[{\"@type\":\"ReadAction\",\"target\":[\"https:\\\/\\\/www.clubcampomar.com\\\/index.php\\\/gl\\\/mas-informacion-las-cookies-2\\\/\"]}]},{\"@type\":\"BreadcrumbList\",\"@id\":\"https:\\\/\\\/www.clubcampomar.com\\\/index.php\\\/gl\\\/mas-informacion-las-cookies-2\\\/#breadcrumb\",\"itemListElement\":[{\"@type\":\"ListItem\",\"position\":1,\"name\":\"Portada\",\"item\":\"https:\\\/\\\/www.clubcampomar.com\\\/\"},{\"@type\":\"ListItem\",\"position\":2,\"name\":\"Mais informaci\u00f3n sobre as cookies\"}]},{\"@type\":\"WebSite\",\"@id\":\"https:\\\/\\\/www.clubcampomar.com\\\/#website\",\"url\":\"https:\\\/\\\/www.clubcampomar.com\\\/\",\"name\":\"Club de Golf Campomar\",\"description\":\"El Campo de golf se encuentra en la provincia de A Coru\u00f1a, municipio de Nar\u00f3n,parroquia de O Val, a tan solo 5Km del centro de Ferrol\",\"publisher\":{\"@id\":\"https:\\\/\\\/www.clubcampomar.com\\\/#organization\"},\"alternateName\":\"Campomar Golf\",\"potentialAction\":[{\"@type\":\"SearchAction\",\"target\":{\"@type\":\"EntryPoint\",\"urlTemplate\":\"https:\\\/\\\/www.clubcampomar.com\\\/?s={search_term_string}\"},\"query-input\":{\"@type\":\"PropertyValueSpecification\",\"valueRequired\":true,\"valueName\":\"search_term_string\"}}],\"inLanguage\":\"es\"},{\"@type\":\"Organization\",\"@id\":\"https:\\\/\\\/www.clubcampomar.com\\\/#organization\",\"name\":\"Club de Golf Campomar\",\"url\":\"https:\\\/\\\/www.clubcampomar.com\\\/\",\"logo\":{\"@type\":\"ImageObject\",\"inLanguage\":\"es\",\"@id\":\"https:\\\/\\\/www.clubcampomar.com\\\/#\\\/schema\\\/logo\\\/image\\\/\",\"url\":\"https:\\\/\\\/www.clubcampomar.com\\\/wp-content\\\/uploads\\\/2017\\\/08\\\/Logo_campomargolf.svg\",\"contentUrl\":\"https:\\\/\\\/www.clubcampomar.com\\\/wp-content\\\/uploads\\\/2017\\\/08\\\/Logo_campomargolf.svg\",\"width\":1,\"height\":1,\"caption\":\"Club de Golf Campomar\"},\"image\":{\"@id\":\"https:\\\/\\\/www.clubcampomar.com\\\/#\\\/schema\\\/logo\\\/image\\\/\"},\"sameAs\":[\"https:\\\/\\\/www.facebook.com\\\/pages\\\/Club-de-Golf-Campomar\\\/567055693465437\",\"https:\\\/\\\/www.instagram.com\\\/golfcampomar\\\/\"]}]}<\/script>\n<!-- \/ Yoast SEO plugin. -->","yoast_head_json":{"title":"Mais informaci\u00f3n sobre as cookies - Club de Golf Campomar","robots":{"index":"index","follow":"follow","max-snippet":"max-snippet:-1","max-image-preview":"max-image-preview:large","max-video-preview":"max-video-preview:-1"},"canonical":"https:\/\/www.clubcampomar.com\/index.php\/gl\/mas-informacion-las-cookies-2\/","og_locale":"es_ES","og_type":"article","og_title":"Mais informaci\u00f3n sobre as cookies - Club de Golf Campomar","og_description":"\u00bfQu\u00e9 \u00e9 unha cookie? Unha cookie \u00e9 un ficheiro de texto inofensivo que se almacena no seu navegador cando visita case calquera p\u00e1xina web. A utilidade da cookie \u00e9 que a web sexa capaz de lembrar a s\u00faa visita cando volva navegar por esa p\u00e1xina. A\u00ednda que moita xente non o sabe as cookies levan [&hellip;]","og_url":"https:\/\/www.clubcampomar.com\/index.php\/gl\/mas-informacion-las-cookies-2\/","og_site_name":"Club de Golf Campomar","article_publisher":"https:\/\/www.facebook.com\/pages\/Club-de-Golf-Campomar\/567055693465437","twitter_card":"summary_large_image","twitter_misc":{"Tiempo de lectura":"6 minutos"},"schema":{"@context":"https:\/\/schema.org","@graph":[{"@type":"WebPage","@id":"https:\/\/www.clubcampomar.com\/index.php\/gl\/mas-informacion-las-cookies-2\/","url":"https:\/\/www.clubcampomar.com\/index.php\/gl\/mas-informacion-las-cookies-2\/","name":"Mais informaci\u00f3n sobre as cookies - Club de Golf Campomar","isPartOf":{"@id":"https:\/\/www.clubcampomar.com\/#website"},"datePublished":"2023-04-28T06:09:41+00:00","breadcrumb":{"@id":"https:\/\/www.clubcampomar.com\/index.php\/gl\/mas-informacion-las-cookies-2\/#breadcrumb"},"inLanguage":"es","potentialAction":[{"@type":"ReadAction","target":["https:\/\/www.clubcampomar.com\/index.php\/gl\/mas-informacion-las-cookies-2\/"]}]},{"@type":"BreadcrumbList","@id":"https:\/\/www.clubcampomar.com\/index.php\/gl\/mas-informacion-las-cookies-2\/#breadcrumb","itemListElement":[{"@type":"ListItem","position":1,"name":"Portada","item":"https:\/\/www.clubcampomar.com\/"},{"@type":"ListItem","position":2,"name":"Mais informaci\u00f3n sobre as cookies"}]},{"@type":"WebSite","@id":"https:\/\/www.clubcampomar.com\/#website","url":"https:\/\/www.clubcampomar.com\/","name":"Club de Golf Campomar","description":"El Campo de golf se encuentra en la provincia de A Coru\u00f1a, municipio de Nar\u00f3n,parroquia de O Val, a tan solo 5Km del centro de Ferrol","publisher":{"@id":"https:\/\/www.clubcampomar.com\/#organization"},"alternateName":"Campomar Golf","potentialAction":[{"@type":"SearchAction","target":{"@type":"EntryPoint","urlTemplate":"https:\/\/www.clubcampomar.com\/?s={search_term_string}"},"query-input":{"@type":"PropertyValueSpecification","valueRequired":true,"valueName":"search_term_string"}}],"inLanguage":"es"},{"@type":"Organization","@id":"https:\/\/www.clubcampomar.com\/#organization","name":"Club de Golf Campomar","url":"https:\/\/www.clubcampomar.com\/","logo":{"@type":"ImageObject","inLanguage":"es","@id":"https:\/\/www.clubcampomar.com\/#\/schema\/logo\/image\/","url":"https:\/\/www.clubcampomar.com\/wp-content\/uploads\/2017\/08\/Logo_campomargolf.svg","contentUrl":"https:\/\/www.clubcampomar.com\/wp-content\/uploads\/2017\/08\/Logo_campomargolf.svg","width":1,"height":1,"caption":"Club de Golf Campomar"},"image":{"@id":"https:\/\/www.clubcampomar.com\/#\/schema\/logo\/image\/"},"sameAs":["https:\/\/www.facebook.com\/pages\/Club-de-Golf-Campomar\/567055693465437","https:\/\/www.instagram.com\/golfcampomar\/"]}]}},"_links":{"self":[{"href":"https:\/\/www.clubcampomar.com\/index.php\/wp-json\/wp\/v2\/pages\/8300","targetHints":{"allow":["GET"]}}],"collection":[{"href":"https:\/\/www.clubcampomar.com\/index.php\/wp-json\/wp\/v2\/pages"}],"about":[{"href":"https:\/\/www.clubcampomar.com\/index.php\/wp-json\/wp\/v2\/types\/page"}],"author":[{"embeddable":true,"href":"https:\/\/www.clubcampomar.com\/index.php\/wp-json\/wp\/v2\/users\/1"}],"replies":[{"embeddable":true,"href":"https:\/\/www.clubcampomar.com\/index.php\/wp-json\/wp\/v2\/comments?post=8300"}],"version-history":[{"count":0,"href":"https:\/\/www.clubcampomar.com\/index.php\/wp-json\/wp\/v2\/pages\/8300\/revisions"}],"wp:attachment":[{"href":"https:\/\/www.clubcampomar.com\/index.php\/wp-json\/wp\/v2\/media?parent=8300"}],"curies":[{"name":"wp","href":"https:\/\/api.w.org\/{rel}","templated":true}]}}