{"id":8305,"date":"2023-04-28T08:27:20","date_gmt":"2023-04-28T06:27:20","guid":{"rendered":"http:\/\/www.clubcampomar.com\/?page_id=8305"},"modified":"2023-04-28T08:28:47","modified_gmt":"2023-04-28T06:28:47","slug":"politica-de-cookies-2","status":"publish","type":"page","link":"https:\/\/www.clubcampomar.com\/index.php\/gl\/politica-de-cookies-2\/","title":{"rendered":"Pol\u00edtica de cookies"},"content":{"rendered":"<p>[et_pb_section fb_built=\u00bb1&#8243; _builder_version=\u00bb4.16&#8243; global_colors_info=\u00bb{}\u00bb][et_pb_row _builder_version=\u00bb4.16&#8243; background_size=\u00bbinitial\u00bb background_position=\u00bbtop_left\u00bb background_repeat=\u00bbrepeat\u00bb global_colors_info=\u00bb{}\u00bb][et_pb_column type=\u00bb4_4&#8243; _builder_version=\u00bb4.16&#8243; custom_padding=\u00bb|||\u00bb global_colors_info=\u00bb{}\u00bb custom_padding__hover=\u00bb|||\u00bb][et_pb_text _builder_version=\u00bb4.20.4&#8243; global_colors_info=\u00bb{}\u00bb]<\/p>\n<h1>Pol\u00edtica de cookies<\/h1>\n<p>Unha cookie \u00e9 un pequeno ficheiro de texto que se almacena no seu navegador cando visita case calquera p\u00e1xina web. A s\u00faa utilidade \u00e9 que a web sexa capaz de lembrar a s\u00faa visita cando volva navegar por esa p\u00e1xina. As cookies adoitan almacenar informaci\u00f3n de car\u00e1cter t\u00e9cnico, preferencias persoais, personalizaci\u00f3n de contidos, estat\u00edsticas de uso, ligaz\u00f3ns a redes sociais, acceso a contas de usuario etc. O obxectivo da cookie \u00e9 adaptar o contido da web ao seu perfil e necesidades, sen cookies os servizos ofrecidos por calquera p\u00e1xina ver\u00edanse minguados notablemente. Se desexa consultar m\u00e1is informaci\u00f3n sobre que son as cookies, que almacenan, como eliminalas, desactivalas, etc., <a href=\"http:\/\/www.clubcampomar.com\/index.php\/Mas-informacion-las-cookies\/\">pregamos dirixase a este enlace.<\/a><\/p>\n<h2>Cookies utilizadas neste sitio web<\/h2>\n<p>Seguindo as directrices da Axencia Espa\u00f1ola de Protecci\u00f3n de Datos procedemos a detallar o uso de cookies que fai esta web co fin de informarlle coa m\u00e1xima exactitude posible.<\/p>\n<p>Este sitio web utiliza as seguintes cookies propias:<br \/>Cookies de sesi\u00f3n, para garantir que os usuarios que escriban comentarios no blogue sexan humanos e non aplicaci\u00f3ns automatizadas. Desta forma comb\u00e1tese o spam. E para a xesti\u00f3n do idioma.<\/p>\n<p>&nbsp;<\/p>\n<h2>Desactivaci\u00f3n o eliminaci\u00f3n de cookies<\/h2>\n<p>En calquera momento poder\u00e1 exercer o seu dereito de desactivaci\u00f3n ou eliminaci\u00f3n de cookies deste sitio web. Estas acci\u00f3ns real\u00edzanse de forma diferente en funci\u00f3n do navegador que estea a usar. <a href=\"http:\/\/www.clubcampomar.com\/index.php\/mas-informacion-las-cookies\/#navegadores\">Aqu\u00ed deixamos unha gu\u00eda r\u00e1pida para os navegadores m\u00e1is populares<\/a>.<\/p>\n<h2>Notas adicionais<\/h2>\n<ul>\n<li>Nin esta web nin os seus representantes legais fanse responsables nin do contido nin da veracidade das pol\u00edticas de privacidade que poidan ter os terceiros mencionados nesta pol\u00edtica de cookies.<\/li>\n<li>Os navegadores web son as ferramentas encargadas de almacenar as cookies e desde este lugar debe efectuar o seu dereito a eliminaci\u00f3n ou desactivaci\u00f3n das mesmas. Nin esta web nin os seus representantes legais poden garantir a correcta ou incorrecta manipulaci\u00f3n das cookies por parte dos mencionados navegadores.<\/li>\n<li>Nalg\u00fans casos \u00e9 necesario instalar cookies para que o navegador non esqueza a s\u00faa decisi\u00f3n de non aceptaci\u00f3n das mesmas.<\/li>\n<li>No caso das cookies de Google Analytics, esta empresa almacena as cookies en servidores situados en Estados Unidos e comprom\u00e9tese a non compartila con terceiros, excepto nos casos nos que sexa necesario para o funcionamento do sistema ou cando a lei obrigue para ese efecto. Segundo Google non garda a s\u00faa direcci\u00f3n IP. Google Inc. \u00e9 unha compa\u00f1\u00eda adherida ao Acordo de Porto Seguro que garante que todos os datos transferidos ser\u00e1n tratados cun nivel de protecci\u00f3n acorde \u00e1 normativa europea. Pode consultar informaci\u00f3n detallada a este respecto nesta ligaz\u00f3n. Se desexa informaci\u00f3n sobre o uso que Google d\u00e1 \u00e1s cookies acheg\u00e1moslle leste outra ligaz\u00f3n.<\/li>\n<li>Para calquera d\u00fabida ou consulta acerca desta pol\u00edtica de cookies non dubide en comunicarse connosco a trav\u00e9s da secci\u00f3n de contacto.<\/li>\n<\/ul>\n<p>&nbsp;<\/p>\n<p>[\/et_pb_text][\/et_pb_column][\/et_pb_row][\/et_pb_section]<\/p>\n","protected":false},"excerpt":{"rendered":"<p>Pol\u00edtica de cookies Unha cookie \u00e9 un pequeno ficheiro de texto que se almacena no seu navegador cando visita case calquera p\u00e1xina web. A s\u00faa utilidade \u00e9 que a web sexa capaz de lembrar a s\u00faa visita cando volva navegar por esa p\u00e1xina. As cookies adoitan almacenar informaci\u00f3n de car\u00e1cter t\u00e9cnico, preferencias persoais, personalizaci\u00f3n de [&hellip;]<\/p>\n","protected":false},"author":1,"featured_media":0,"parent":0,"menu_order":0,"comment_status":"closed","ping_status":"closed","template":"","meta":{"_et_pb_use_builder":"on","_et_pb_old_content":"","_et_gb_content_width":"","inline_featured_image":false,"footnotes":""},"class_list":["post-8305","page","type-page","status-publish","hentry"],"yoast_head":"<!-- This site is optimized with the Yoast SEO plugin v27.4 - https:\/\/yoast.com\/product\/yoast-seo-wordpress\/ -->\n<title>Pol\u00edtica de cookies - Club de Golf Campomar<\/title>\n<meta name=\"robots\" content=\"index, follow, max-snippet:-1, max-image-preview:large, max-video-preview:-1\" \/>\n<link rel=\"canonical\" href=\"https:\/\/www.clubcampomar.com\/index.php\/gl\/politica-de-cookies-2\/\" \/>\n<meta property=\"og:locale\" content=\"es_ES\" \/>\n<meta property=\"og:type\" content=\"article\" \/>\n<meta property=\"og:title\" content=\"Pol\u00edtica de cookies - Club de Golf Campomar\" \/>\n<meta property=\"og:description\" content=\"Pol\u00edtica de cookies Unha cookie \u00e9 un pequeno ficheiro de texto que se almacena no seu navegador cando visita case calquera p\u00e1xina web. A s\u00faa utilidade \u00e9 que a web sexa capaz de lembrar a s\u00faa visita cando volva navegar por esa p\u00e1xina. As cookies adoitan almacenar informaci\u00f3n de car\u00e1cter t\u00e9cnico, preferencias persoais, personalizaci\u00f3n de [&hellip;]\" \/>\n<meta property=\"og:url\" content=\"https:\/\/www.clubcampomar.com\/index.php\/gl\/politica-de-cookies-2\/\" \/>\n<meta property=\"og:site_name\" content=\"Club de Golf Campomar\" \/>\n<meta property=\"article:publisher\" content=\"https:\/\/www.facebook.com\/pages\/Club-de-Golf-Campomar\/567055693465437\" \/>\n<meta property=\"article:modified_time\" content=\"2023-04-28T06:28:47+00:00\" \/>\n<meta name=\"twitter:card\" content=\"summary_large_image\" \/>\n<meta name=\"twitter:label1\" content=\"Tiempo de lectura\" \/>\n\t<meta name=\"twitter:data1\" content=\"3 minutos\" \/>\n<script type=\"application\/ld+json\" class=\"yoast-schema-graph\">{\"@context\":\"https:\\\/\\\/schema.org\",\"@graph\":[{\"@type\":\"WebPage\",\"@id\":\"https:\\\/\\\/www.clubcampomar.com\\\/index.php\\\/gl\\\/politica-de-cookies-2\\\/\",\"url\":\"https:\\\/\\\/www.clubcampomar.com\\\/index.php\\\/gl\\\/politica-de-cookies-2\\\/\",\"name\":\"Pol\u00edtica de cookies - Club de Golf Campomar\",\"isPartOf\":{\"@id\":\"https:\\\/\\\/www.clubcampomar.com\\\/#website\"},\"datePublished\":\"2023-04-28T06:27:20+00:00\",\"dateModified\":\"2023-04-28T06:28:47+00:00\",\"breadcrumb\":{\"@id\":\"https:\\\/\\\/www.clubcampomar.com\\\/index.php\\\/gl\\\/politica-de-cookies-2\\\/#breadcrumb\"},\"inLanguage\":\"es\",\"potentialAction\":[{\"@type\":\"ReadAction\",\"target\":[\"https:\\\/\\\/www.clubcampomar.com\\\/index.php\\\/gl\\\/politica-de-cookies-2\\\/\"]}]},{\"@type\":\"BreadcrumbList\",\"@id\":\"https:\\\/\\\/www.clubcampomar.com\\\/index.php\\\/gl\\\/politica-de-cookies-2\\\/#breadcrumb\",\"itemListElement\":[{\"@type\":\"ListItem\",\"position\":1,\"name\":\"Portada\",\"item\":\"https:\\\/\\\/www.clubcampomar.com\\\/\"},{\"@type\":\"ListItem\",\"position\":2,\"name\":\"Pol\u00edtica de cookies\"}]},{\"@type\":\"WebSite\",\"@id\":\"https:\\\/\\\/www.clubcampomar.com\\\/#website\",\"url\":\"https:\\\/\\\/www.clubcampomar.com\\\/\",\"name\":\"Club de Golf Campomar\",\"description\":\"El Campo de golf se encuentra en la provincia de A Coru\u00f1a, municipio de Nar\u00f3n,parroquia de O Val, a tan solo 5Km del centro de Ferrol\",\"publisher\":{\"@id\":\"https:\\\/\\\/www.clubcampomar.com\\\/#organization\"},\"alternateName\":\"Campomar Golf\",\"potentialAction\":[{\"@type\":\"SearchAction\",\"target\":{\"@type\":\"EntryPoint\",\"urlTemplate\":\"https:\\\/\\\/www.clubcampomar.com\\\/?s={search_term_string}\"},\"query-input\":{\"@type\":\"PropertyValueSpecification\",\"valueRequired\":true,\"valueName\":\"search_term_string\"}}],\"inLanguage\":\"es\"},{\"@type\":\"Organization\",\"@id\":\"https:\\\/\\\/www.clubcampomar.com\\\/#organization\",\"name\":\"Club de Golf Campomar\",\"url\":\"https:\\\/\\\/www.clubcampomar.com\\\/\",\"logo\":{\"@type\":\"ImageObject\",\"inLanguage\":\"es\",\"@id\":\"https:\\\/\\\/www.clubcampomar.com\\\/#\\\/schema\\\/logo\\\/image\\\/\",\"url\":\"https:\\\/\\\/www.clubcampomar.com\\\/wp-content\\\/uploads\\\/2017\\\/08\\\/Logo_campomargolf.svg\",\"contentUrl\":\"https:\\\/\\\/www.clubcampomar.com\\\/wp-content\\\/uploads\\\/2017\\\/08\\\/Logo_campomargolf.svg\",\"width\":1,\"height\":1,\"caption\":\"Club de Golf Campomar\"},\"image\":{\"@id\":\"https:\\\/\\\/www.clubcampomar.com\\\/#\\\/schema\\\/logo\\\/image\\\/\"},\"sameAs\":[\"https:\\\/\\\/www.facebook.com\\\/pages\\\/Club-de-Golf-Campomar\\\/567055693465437\",\"https:\\\/\\\/www.instagram.com\\\/golfcampomar\\\/\"]}]}<\/script>\n<!-- \/ Yoast SEO plugin. -->","yoast_head_json":{"title":"Pol\u00edtica de cookies - Club de Golf Campomar","robots":{"index":"index","follow":"follow","max-snippet":"max-snippet:-1","max-image-preview":"max-image-preview:large","max-video-preview":"max-video-preview:-1"},"canonical":"https:\/\/www.clubcampomar.com\/index.php\/gl\/politica-de-cookies-2\/","og_locale":"es_ES","og_type":"article","og_title":"Pol\u00edtica de cookies - Club de Golf Campomar","og_description":"Pol\u00edtica de cookies Unha cookie \u00e9 un pequeno ficheiro de texto que se almacena no seu navegador cando visita case calquera p\u00e1xina web. A s\u00faa utilidade \u00e9 que a web sexa capaz de lembrar a s\u00faa visita cando volva navegar por esa p\u00e1xina. As cookies adoitan almacenar informaci\u00f3n de car\u00e1cter t\u00e9cnico, preferencias persoais, personalizaci\u00f3n de [&hellip;]","og_url":"https:\/\/www.clubcampomar.com\/index.php\/gl\/politica-de-cookies-2\/","og_site_name":"Club de Golf Campomar","article_publisher":"https:\/\/www.facebook.com\/pages\/Club-de-Golf-Campomar\/567055693465437","article_modified_time":"2023-04-28T06:28:47+00:00","twitter_card":"summary_large_image","twitter_misc":{"Tiempo de lectura":"3 minutos"},"schema":{"@context":"https:\/\/schema.org","@graph":[{"@type":"WebPage","@id":"https:\/\/www.clubcampomar.com\/index.php\/gl\/politica-de-cookies-2\/","url":"https:\/\/www.clubcampomar.com\/index.php\/gl\/politica-de-cookies-2\/","name":"Pol\u00edtica de cookies - Club de Golf Campomar","isPartOf":{"@id":"https:\/\/www.clubcampomar.com\/#website"},"datePublished":"2023-04-28T06:27:20+00:00","dateModified":"2023-04-28T06:28:47+00:00","breadcrumb":{"@id":"https:\/\/www.clubcampomar.com\/index.php\/gl\/politica-de-cookies-2\/#breadcrumb"},"inLanguage":"es","potentialAction":[{"@type":"ReadAction","target":["https:\/\/www.clubcampomar.com\/index.php\/gl\/politica-de-cookies-2\/"]}]},{"@type":"BreadcrumbList","@id":"https:\/\/www.clubcampomar.com\/index.php\/gl\/politica-de-cookies-2\/#breadcrumb","itemListElement":[{"@type":"ListItem","position":1,"name":"Portada","item":"https:\/\/www.clubcampomar.com\/"},{"@type":"ListItem","position":2,"name":"Pol\u00edtica de cookies"}]},{"@type":"WebSite","@id":"https:\/\/www.clubcampomar.com\/#website","url":"https:\/\/www.clubcampomar.com\/","name":"Club de Golf Campomar","description":"El Campo de golf se encuentra en la provincia de A Coru\u00f1a, municipio de Nar\u00f3n,parroquia de O Val, a tan solo 5Km del centro de Ferrol","publisher":{"@id":"https:\/\/www.clubcampomar.com\/#organization"},"alternateName":"Campomar Golf","potentialAction":[{"@type":"SearchAction","target":{"@type":"EntryPoint","urlTemplate":"https:\/\/www.clubcampomar.com\/?s={search_term_string}"},"query-input":{"@type":"PropertyValueSpecification","valueRequired":true,"valueName":"search_term_string"}}],"inLanguage":"es"},{"@type":"Organization","@id":"https:\/\/www.clubcampomar.com\/#organization","name":"Club de Golf Campomar","url":"https:\/\/www.clubcampomar.com\/","logo":{"@type":"ImageObject","inLanguage":"es","@id":"https:\/\/www.clubcampomar.com\/#\/schema\/logo\/image\/","url":"https:\/\/www.clubcampomar.com\/wp-content\/uploads\/2017\/08\/Logo_campomargolf.svg","contentUrl":"https:\/\/www.clubcampomar.com\/wp-content\/uploads\/2017\/08\/Logo_campomargolf.svg","width":1,"height":1,"caption":"Club de Golf Campomar"},"image":{"@id":"https:\/\/www.clubcampomar.com\/#\/schema\/logo\/image\/"},"sameAs":["https:\/\/www.facebook.com\/pages\/Club-de-Golf-Campomar\/567055693465437","https:\/\/www.instagram.com\/golfcampomar\/"]}]}},"_links":{"self":[{"href":"https:\/\/www.clubcampomar.com\/index.php\/wp-json\/wp\/v2\/pages\/8305","targetHints":{"allow":["GET"]}}],"collection":[{"href":"https:\/\/www.clubcampomar.com\/index.php\/wp-json\/wp\/v2\/pages"}],"about":[{"href":"https:\/\/www.clubcampomar.com\/index.php\/wp-json\/wp\/v2\/types\/page"}],"author":[{"embeddable":true,"href":"https:\/\/www.clubcampomar.com\/index.php\/wp-json\/wp\/v2\/users\/1"}],"replies":[{"embeddable":true,"href":"https:\/\/www.clubcampomar.com\/index.php\/wp-json\/wp\/v2\/comments?post=8305"}],"version-history":[{"count":0,"href":"https:\/\/www.clubcampomar.com\/index.php\/wp-json\/wp\/v2\/pages\/8305\/revisions"}],"wp:attachment":[{"href":"https:\/\/www.clubcampomar.com\/index.php\/wp-json\/wp\/v2\/media?parent=8305"}],"curies":[{"name":"wp","href":"https:\/\/api.w.org\/{rel}","templated":true}]}}